{"id":46914,"date":"2022-10-24T13:01:17","date_gmt":"2022-10-24T18:01:17","guid":{"rendered":"https:\/\/everybrainmatters.org\/etiquetado-inexacto-de-la-marihuana-y-el-canamo\/"},"modified":"2025-10-21T09:06:28","modified_gmt":"2025-10-21T14:06:28","slug":"etiquetado-inexacto-de-la-marihuana-y-el-canamo","status":"publish","type":"page","link":"https:\/\/everybrainmatters.org\/es\/etiquetado-inexacto-de-la-marihuana-y-el-canamo\/","title":{"rendered":"Etiquetado inexacto de la marihuana y el c\u00e1\u00f1amo"},"content":{"rendered":"\n<ul class=\"wp-block-list\">\n<li><a href=\"https:\/\/onlinelibrary.wiley.com\/doi\/abs\/10.1111\/ajad.13390\" target=\"_blank\" rel=\"noreferrer noopener\">Ver para creer: C\u00f3mo se asocia la exposici\u00f3n al marketing del cannabis con las actitudes y el comportamiento de consumo de cannabis en un entorno de pol\u00edtica permisiva de cannabis medicinal<\/a>, 2023, 10 de marzo<\/li>\n\n\n\n<li><a href=\"https:\/\/nij.ojp.gov\/topics\/articles\/study-reveals-inaccurate-labeling-marijuana-hemp#about-author--0\" target=\"_blank\" rel=\"noreferrer noopener\" class=\"ek-link\">Un estudio revela un etiquetado inexacto de la marihuana como c\u00e1\u00f1amo<\/a> 2022, 17 de octubre<\/li>\n<\/ul>\n\n<hr class=\"wp-block-separator has-alpha-channel-opacity\"\/>\n\n<div class=\"wp-block-columns is-layout-flex wp-container-core-columns-is-layout-9d6595d7 wp-block-columns-is-layout-flex\">\n<div class=\"wp-block-column is-layout-flow wp-block-column-is-layout-flow\">\n<p style=\"font-size:16px\"><a href=\"https:\/\/nij.ojp.gov\/topics\/articles\/study-reveals-inaccurate-labeling-marijuana-hemp#about-author--0\" target=\"_blank\" rel=\"noreferrer noopener\" class=\"ek-link\">Un estudio revela un etiquetado incorrecto de la marihuana como c\u00e1\u00f1amo<\/a> <br\/><em>Instituto Nacional de Justicia 2022<\/em>, 17 de octubre<br\/><br\/>Los an\u00e1lisis indicaron que de las 53 muestras examinadas, 49 estaban etiquetadas incorrectamente como c\u00e1\u00f1amo porque t\u00e9cnicamente se ajustaban a la clasificaci\u00f3n federal de la marihuana.<br\/><br\/>Dado que muchos estados est\u00e1n avanzando hacia la despenalizaci\u00f3n de la marihuana, la necesidad de poder medir con precisi\u00f3n la cantidad de THC en un producto de cannabis puede ser un problema mayor en aquellas jurisdicciones en las que sigue siendo ilegal&#8230;.<\/p>\n<\/div>\n\n\n\n<div class=\"wp-block-column is-layout-flow wp-block-column-is-layout-flow\"><\/div>\n<\/div>\n\n<hr class=\"wp-block-separator has-alpha-channel-opacity is-style-wide\"\/>\n","protected":false},"excerpt":{"rendered":"<p>Un estudio revela un etiquetado incorrecto de la marihuana como c\u00e1\u00f1amo Instituto Nacional de Justicia 2022, 17 de octubre Los&#8230;<\/p>\n","protected":false},"author":11,"featured_media":0,"parent":0,"menu_order":0,"comment_status":"closed","ping_status":"closed","template":"","meta":{"_acf_changed":false,"_editorskit_title_hidden":false,"_editorskit_reading_time":0,"_editorskit_is_block_options_detached":false,"_editorskit_block_options_position":"{}","footnotes":""},"class_list":["post-46914","page","type-page","status-publish","hentry"],"acf":[],"yoast_head":"<!-- This site is optimized with the Yoast SEO plugin v26.1.1 - https:\/\/yoast.com\/wordpress\/plugins\/seo\/ -->\n<title>Etiquetado inexacto de la marihuana y el c\u00e1\u00f1amo - Every Brain Matters<\/title>\n<meta name=\"robots\" content=\"index, follow, max-snippet:-1, max-image-preview:large, max-video-preview:-1\" \/>\n<link rel=\"canonical\" href=\"https:\/\/everybrainmatters.org\/es\/etiquetado-inexacto-de-la-marihuana-y-el-canamo\/\" \/>\n<meta property=\"og:locale\" content=\"es_ES\" \/>\n<meta property=\"og:type\" content=\"article\" \/>\n<meta property=\"og:title\" content=\"Etiquetado inexacto de la marihuana y el c\u00e1\u00f1amo - Every Brain Matters\" \/>\n<meta property=\"og:description\" content=\"Un estudio revela un etiquetado incorrecto de la marihuana como c\u00e1\u00f1amo Instituto Nacional de Justicia 2022, 17 de octubre Los...\" \/>\n<meta property=\"og:url\" content=\"https:\/\/everybrainmatters.org\/es\/etiquetado-inexacto-de-la-marihuana-y-el-canamo\/\" \/>\n<meta property=\"og:site_name\" content=\"Every Brain Matters\" \/>\n<meta property=\"article:modified_time\" content=\"2025-10-21T14:06:28+00:00\" \/>\n<meta property=\"og:image\" content=\"https:\/\/everybrainmatters.org\/wp-content\/uploads\/AllBrains_3.jpg\" \/>\n\t<meta property=\"og:image:width\" content=\"1000\" \/>\n\t<meta property=\"og:image:height\" content=\"1087\" \/>\n\t<meta property=\"og:image:type\" content=\"image\/jpeg\" \/>\n<meta name=\"twitter:card\" content=\"summary_large_image\" \/>\n<meta name=\"twitter:label1\" content=\"Est. reading time\" \/>\n\t<meta name=\"twitter:data1\" content=\"1 minuto\" \/>\n<script type=\"application\/ld+json\" class=\"yoast-schema-graph\">{\"@context\":\"https:\/\/schema.org\",\"@graph\":[{\"@type\":\"WebPage\",\"@id\":\"https:\/\/everybrainmatters.org\/es\/etiquetado-inexacto-de-la-marihuana-y-el-canamo\/\",\"url\":\"https:\/\/everybrainmatters.org\/es\/etiquetado-inexacto-de-la-marihuana-y-el-canamo\/\",\"name\":\"Etiquetado inexacto de la marihuana y el c\u00e1\u00f1amo - Every Brain Matters\",\"isPartOf\":{\"@id\":\"https:\/\/everybrainmatters.org\/es\/#website\"},\"datePublished\":\"2022-10-24T18:01:17+00:00\",\"dateModified\":\"2025-10-21T14:06:28+00:00\",\"breadcrumb\":{\"@id\":\"https:\/\/everybrainmatters.org\/es\/etiquetado-inexacto-de-la-marihuana-y-el-canamo\/#breadcrumb\"},\"inLanguage\":\"es-ES\",\"potentialAction\":[{\"@type\":\"ReadAction\",\"target\":[\"https:\/\/everybrainmatters.org\/es\/etiquetado-inexacto-de-la-marihuana-y-el-canamo\/\"]}]},{\"@type\":\"BreadcrumbList\",\"@id\":\"https:\/\/everybrainmatters.org\/es\/etiquetado-inexacto-de-la-marihuana-y-el-canamo\/#breadcrumb\",\"itemListElement\":[{\"@type\":\"ListItem\",\"position\":1,\"name\":\"Home\",\"item\":\"https:\/\/everybrainmatters.org\/es\/\"},{\"@type\":\"ListItem\",\"position\":2,\"name\":\"Etiquetado inexacto de la marihuana y el c\u00e1\u00f1amo\"}]},{\"@type\":\"WebSite\",\"@id\":\"https:\/\/everybrainmatters.org\/es\/#website\",\"url\":\"https:\/\/everybrainmatters.org\/es\/\",\"name\":\"Every Brain Matters\",\"description\":\"\",\"publisher\":{\"@id\":\"https:\/\/everybrainmatters.org\/es\/#organization\"},\"potentialAction\":[{\"@type\":\"SearchAction\",\"target\":{\"@type\":\"EntryPoint\",\"urlTemplate\":\"https:\/\/everybrainmatters.org\/es\/?s={search_term_string}\"},\"query-input\":{\"@type\":\"PropertyValueSpecification\",\"valueRequired\":true,\"valueName\":\"search_term_string\"}}],\"inLanguage\":\"es-ES\"},{\"@type\":\"Organization\",\"@id\":\"https:\/\/everybrainmatters.org\/es\/#organization\",\"name\":\"Every Brain Matters\",\"url\":\"https:\/\/everybrainmatters.org\/es\/\",\"logo\":{\"@type\":\"ImageObject\",\"inLanguage\":\"es-ES\",\"@id\":\"https:\/\/everybrainmatters.org\/es\/#\/schema\/logo\/image\/\",\"url\":\"https:\/\/everybrainmatters.org\/wp-content\/uploads\/AllBrains_3.jpg\",\"contentUrl\":\"https:\/\/everybrainmatters.org\/wp-content\/uploads\/AllBrains_3.jpg\",\"width\":1000,\"height\":1087,\"caption\":\"Every Brain Matters\"},\"image\":{\"@id\":\"https:\/\/everybrainmatters.org\/es\/#\/schema\/logo\/image\/\"}}]}<\/script>\n<!-- \/ Yoast SEO plugin. -->","yoast_head_json":{"title":"Etiquetado inexacto de la marihuana y el c\u00e1\u00f1amo - Every Brain Matters","robots":{"index":"index","follow":"follow","max-snippet":"max-snippet:-1","max-image-preview":"max-image-preview:large","max-video-preview":"max-video-preview:-1"},"canonical":"https:\/\/everybrainmatters.org\/es\/etiquetado-inexacto-de-la-marihuana-y-el-canamo\/","og_locale":"es_ES","og_type":"article","og_title":"Etiquetado inexacto de la marihuana y el c\u00e1\u00f1amo - Every Brain Matters","og_description":"Un estudio revela un etiquetado incorrecto de la marihuana como c\u00e1\u00f1amo Instituto Nacional de Justicia 2022, 17 de octubre Los...","og_url":"https:\/\/everybrainmatters.org\/es\/etiquetado-inexacto-de-la-marihuana-y-el-canamo\/","og_site_name":"Every Brain Matters","article_modified_time":"2025-10-21T14:06:28+00:00","og_image":[{"width":1000,"height":1087,"url":"https:\/\/everybrainmatters.org\/wp-content\/uploads\/AllBrains_3.jpg","type":"image\/jpeg"}],"twitter_card":"summary_large_image","twitter_misc":{"Est. reading time":"1 minuto"},"schema":{"@context":"https:\/\/schema.org","@graph":[{"@type":"WebPage","@id":"https:\/\/everybrainmatters.org\/es\/etiquetado-inexacto-de-la-marihuana-y-el-canamo\/","url":"https:\/\/everybrainmatters.org\/es\/etiquetado-inexacto-de-la-marihuana-y-el-canamo\/","name":"Etiquetado inexacto de la marihuana y el c\u00e1\u00f1amo - Every Brain Matters","isPartOf":{"@id":"https:\/\/everybrainmatters.org\/es\/#website"},"datePublished":"2022-10-24T18:01:17+00:00","dateModified":"2025-10-21T14:06:28+00:00","breadcrumb":{"@id":"https:\/\/everybrainmatters.org\/es\/etiquetado-inexacto-de-la-marihuana-y-el-canamo\/#breadcrumb"},"inLanguage":"es-ES","potentialAction":[{"@type":"ReadAction","target":["https:\/\/everybrainmatters.org\/es\/etiquetado-inexacto-de-la-marihuana-y-el-canamo\/"]}]},{"@type":"BreadcrumbList","@id":"https:\/\/everybrainmatters.org\/es\/etiquetado-inexacto-de-la-marihuana-y-el-canamo\/#breadcrumb","itemListElement":[{"@type":"ListItem","position":1,"name":"Home","item":"https:\/\/everybrainmatters.org\/es\/"},{"@type":"ListItem","position":2,"name":"Etiquetado inexacto de la marihuana y el c\u00e1\u00f1amo"}]},{"@type":"WebSite","@id":"https:\/\/everybrainmatters.org\/es\/#website","url":"https:\/\/everybrainmatters.org\/es\/","name":"Every Brain Matters","description":"","publisher":{"@id":"https:\/\/everybrainmatters.org\/es\/#organization"},"potentialAction":[{"@type":"SearchAction","target":{"@type":"EntryPoint","urlTemplate":"https:\/\/everybrainmatters.org\/es\/?s={search_term_string}"},"query-input":{"@type":"PropertyValueSpecification","valueRequired":true,"valueName":"search_term_string"}}],"inLanguage":"es-ES"},{"@type":"Organization","@id":"https:\/\/everybrainmatters.org\/es\/#organization","name":"Every Brain Matters","url":"https:\/\/everybrainmatters.org\/es\/","logo":{"@type":"ImageObject","inLanguage":"es-ES","@id":"https:\/\/everybrainmatters.org\/es\/#\/schema\/logo\/image\/","url":"https:\/\/everybrainmatters.org\/wp-content\/uploads\/AllBrains_3.jpg","contentUrl":"https:\/\/everybrainmatters.org\/wp-content\/uploads\/AllBrains_3.jpg","width":1000,"height":1087,"caption":"Every Brain Matters"},"image":{"@id":"https:\/\/everybrainmatters.org\/es\/#\/schema\/logo\/image\/"}}]}},"_links":{"self":[{"href":"https:\/\/everybrainmatters.org\/es\/wp-json\/wp\/v2\/pages\/46914","targetHints":{"allow":["GET"]}}],"collection":[{"href":"https:\/\/everybrainmatters.org\/es\/wp-json\/wp\/v2\/pages"}],"about":[{"href":"https:\/\/everybrainmatters.org\/es\/wp-json\/wp\/v2\/types\/page"}],"author":[{"embeddable":true,"href":"https:\/\/everybrainmatters.org\/es\/wp-json\/wp\/v2\/users\/11"}],"replies":[{"embeddable":true,"href":"https:\/\/everybrainmatters.org\/es\/wp-json\/wp\/v2\/comments?post=46914"}],"version-history":[{"count":0,"href":"https:\/\/everybrainmatters.org\/es\/wp-json\/wp\/v2\/pages\/46914\/revisions"}],"wp:attachment":[{"href":"https:\/\/everybrainmatters.org\/es\/wp-json\/wp\/v2\/media?parent=46914"}],"curies":[{"name":"wp","href":"https:\/\/api.w.org\/{rel}","templated":true}]}}

Etiquetado inexacto de la marihuana y el cáñamo

<ul class="wp-block-list">
<li><a href="https://onlinelibrary.wiley.com/doi/abs/10.1111/ajad.13390" target="_blank" rel="noreferrer noopener">Ver para creer: Cómo se asocia la exposición al marketing del cannabis con las actitudes y el comportamiento de consumo de cannabis en un entorno de política permisiva de cannabis medicinal</a>, 2023, 10 de marzo</li>



<li><a href="https://nij.ojp.gov/topics/articles/study-reveals-inaccurate-labeling-marijuana-hemp#about-author--0" target="_blank" rel="noreferrer noopener" class="ek-link">Un estudio revela un etiquetado inexacto de la marihuana como cáñamo</a> 2022, 17 de octubre</li>
</ul>

<hr class="wp-block-separator has-alpha-channel-opacity"/>

<div class="wp-block-columns is-layout-flex wp-container-core-columns-is-layout-9d6595d7 wp-block-columns-is-layout-flex">
<div class="wp-block-column is-layout-flow wp-block-column-is-layout-flow">
<p style="font-size:16px"><a href="https://nij.ojp.gov/topics/articles/study-reveals-inaccurate-labeling-marijuana-hemp#about-author--0" target="_blank" rel="noreferrer noopener" class="ek-link">Un estudio revela un etiquetado incorrecto de la marihuana como cáñamo</a> <br/><em>Instituto Nacional de Justicia 2022</em>, 17 de octubre<br/><br/>Los análisis indicaron que de las 53 muestras examinadas, 49 estaban etiquetadas incorrectamente como cáñamo porque técnicamente se ajustaban a la clasificación federal de la marihuana.<br/><br/>Dado que muchos estados están avanzando hacia la despenalización de la marihuana, la necesidad de poder medir con precisión la cantidad de THC en un producto de cannabis puede ser un problema mayor en aquellas jurisdicciones en las que sigue siendo ilegal&#8230;.</p>
</div>



<div class="wp-block-column is-layout-flow wp-block-column-is-layout-flow"></div>
</div>

<hr class="wp-block-separator has-alpha-channel-opacity is-style-wide"/>

<p>Un estudio revela un etiquetado incorrecto de la marihuana como cáñamo Instituto Nacional de Justicia 2022, 17 de octubre Los&#8230;</p>

<!-- This site is optimized with the Yoast SEO plugin v26.1.1 - https://yoast.com/wordpress/plugins/seo/ -->
<title>Etiquetado inexacto de la marihuana y el cáñamo - Every Brain Matters</title>
<meta name="robots" content="index, follow, max-snippet:-1, max-image-preview:large, max-video-preview:-1" />
<link rel="canonical" href="https://everybrainmatters.org/es/etiquetado-inexacto-de-la-marihuana-y-el-canamo/" />
<meta property="og:locale" content="es_ES" />
<meta property="og:type" content="article" />
<meta property="og:title" content="Etiquetado inexacto de la marihuana y el cáñamo - Every Brain Matters" />
<meta property="og:description" content="Un estudio revela un etiquetado incorrecto de la marihuana como cáñamo Instituto Nacional de Justicia 2022, 17 de octubre Los..." />
<meta property="og:url" content="https://everybrainmatters.org/es/etiquetado-inexacto-de-la-marihuana-y-el-canamo/" />
<meta property="og:site_name" content="Every Brain Matters" />
<meta property="article:modified_time" content="2025-10-21T14:06:28+00:00" />
<meta property="og:image" content="https://everybrainmatters.org/wp-content/uploads/AllBrains_3.jpg" />
	<meta property="og:image:width" content="1000" />
	<meta property="og:image:height" content="1087" />
	<meta property="og:image:type" content="image/jpeg" />
<meta name="twitter:card" content="summary_large_image" />
<meta name="twitter:label1" content="Est. reading time" />
	<meta name="twitter:data1" content="1 minuto" />
<script type="application/ld+json" class="yoast-schema-graph">{"@context":"https://schema.org","@graph":[{"@type":"WebPage","@id":"https://everybrainmatters.org/es/etiquetado-inexacto-de-la-marihuana-y-el-canamo/","url":"https://everybrainmatters.org/es/etiquetado-inexacto-de-la-marihuana-y-el-canamo/","name":"Etiquetado inexacto de la marihuana y el cáñamo - Every Brain Matters","isPartOf":{"@id":"https://everybrainmatters.org/es/#website"},"datePublished":"2022-10-24T18:01:17+00:00","dateModified":"2025-10-21T14:06:28+00:00","breadcrumb":{"@id":"https://everybrainmatters.org/es/etiquetado-inexacto-de-la-marihuana-y-el-canamo/#breadcrumb"},"inLanguage":"es-ES","potentialAction":[{"@type":"ReadAction","target":["https://everybrainmatters.org/es/etiquetado-inexacto-de-la-marihuana-y-el-canamo/"]}]},{"@type":"BreadcrumbList","@id":"https://everybrainmatters.org/es/etiquetado-inexacto-de-la-marihuana-y-el-canamo/#breadcrumb","itemListElement":[{"@type":"ListItem","position":1,"name":"Home","item":"https://everybrainmatters.org/es/"},{"@type":"ListItem","position":2,"name":"Etiquetado inexacto de la marihuana y el cáñamo"}]},{"@type":"WebSite","@id":"https://everybrainmatters.org/es/#website","url":"https://everybrainmatters.org/es/","name":"Every Brain Matters","description":"","publisher":{"@id":"https://everybrainmatters.org/es/#organization"},"potentialAction":[{"@type":"SearchAction","target":{"@type":"EntryPoint","urlTemplate":"https://everybrainmatters.org/es/?s={search_term_string}"},"query-input":{"@type":"PropertyValueSpecification","valueRequired":true,"valueName":"search_term_string"}}],"inLanguage":"es-ES"},{"@type":"Organization","@id":"https://everybrainmatters.org/es/#organization","name":"Every Brain Matters","url":"https://everybrainmatters.org/es/","logo":{"@type":"ImageObject","inLanguage":"es-ES","@id":"https://everybrainmatters.org/es/#/schema/logo/image/","url":"https://everybrainmatters.org/wp-content/uploads/AllBrains_3.jpg","contentUrl":"https://everybrainmatters.org/wp-content/uploads/AllBrains_3.jpg","width":1000,"height":1087,"caption":"Every Brain Matters"},"image":{"@id":"https://everybrainmatters.org/es/#/schema/logo/image/"}}]}</script>
<!-- / Yoast SEO plugin. -->

Etiquetado inexacto de la marihuana y el cáñamo - Every Brain Matters

Un estudio revela un etiquetado incorrecto de la marihuana como cáñamo Instituto Nacional de Justicia 2022, 17 de octubre Los...
